36155 is divided by 192.
27
What is the remainder when 3678736 is divided by 110?
6
Calculate the remainder when 754867 is divided by 23568.
691
What is the remainder when 671227318 is divided by 1020?
1018
Calculate the remainder when 375954822 is divided by 75.
72
What is the remainder when 1987547 is divided by 3680?
347
What is the remainder when 1473682 is divided by 368418?
10
Calculate the remainder when 73238991 is divided by 2116.
2115
Calculate the remainder when 28320 is divided by 2327.
396
Calculate the remainder when 331064 is divided by 1565.
849
Calculate the remainder when 7536290 is divided by 96.
2
Calculate the remainder when 6662565 is divided by 7141.
12
What is the remainder when 105137454 is divided by 131?
129
What is the remainder when 25494054 is divided by 636?
630
What is the remainder when 334768497 is divided by 1980?
1977
Calculate the remainder when 39063 is divided by 7739.
368
What is the remainder when 101474 is divided by 7787?
243
Calculate the remainder when 1029123 is divided by 343039.
6
Calculate the remainder when 5330920 is divided by 1332727.
12
Calculate the remainder when 7796830 is divided by 964.
962
Calculate the remainder when 475774 is divided by 1233.
1069
What is the remainder when 74223 is divided by 887?
602
Calculate the remainder when 630262 is divided by 2094.
2062
Calculate the remainder when 210696 is divided by 10527.
156
What is the remainder when 2174408 is divided by 20513?
30
Calculate the remainder when 810781 is divided by 135112.
109
Calculate the remainder when 3610255 is divided by 4496.
4463
What is the remainder when 114055503 is divided by 7?
2
Calculate the remainder when 2955175 is divided by 89548.
91
Calculate the remainder when 8813812 is divided by 1285.
1282
Calculate the remainder when 229383555 is divided by 35.
30
What is the remainder when 564924264 is divided by 28?
16
What is the remainder when 13342006 is divided by 4447297?
115
Calculate the remainder when 119150 is divided by 19826.
194
What is the remainder when 321535 is divided by 3?
1
Calculate the remainder when 469587 is divided by 78.
27
Calculate the remainder when 59369594 is divided by 973272.
2
What is the remainder when 228518 is divided by 22261?
5908
Calculate the remainder when 410528 is divided by 292.
268
Calculate the remainder when 4061330 is divided by 175.
105
Calculate the remainder when 8419 is divided by 1608.
379
Calculate the remainder when 32629498 is divided by 5.
3
What is the remainder when 193217 is divided by 2273?
12
What is the remainder when 20387830 is divided by 1183?
8
What is the remainder when 46170 is divided by 2691?
423
What is the remainder when 42611279 is divided by 879?
875
What is the remainder when 6358621 is divided by 83666?
5
Calculate the remainder when 2026698 is divided by 35556.
6
What is the remainder when 20228 is divided by 10053?
122
Calculate the remainder when 12443395 is divided by 279.
274
Calculate the remainder when 1087062 is divided by 560.
102
Calculate the remainder when 37607245 is divided by 2.
1
What is the remainder when 2245405 is divided by 374048?
1117
Calculate the remainder when 245549 is divided by 291.
236
Calculate the remainder when 8790382 is divided by 1497.
1495
What is the remainder when 140340 is divided by 1777?
1734
What is the remainder when 4430489 is divided by 687?
26
What is the remainder when 662732 is divided by 132470?
382
What is the remainder when 169276 is divided by 151?
5
What is the remainder when 244798 is divided by 910?
8
Calculate the remainder when 363156098 is divided by 539.
536
What is the remainder when 83837 is divided by 1173?
554
Calculate the remainder when 851957 is divided by 283.
127
Calculate the remainder when 242394 is divided by 4047.
3621
What is the remainder when 18165 is divided by 1818?
1803
What is the remainder when 7997993 is divided by 2480?
2473
Calculate the remainder when 50858555 is divided by 288969.
11
Calculate the remainder when 604212 is divided by 118.
52
Calculate the remainder when 479399 is divided by 17739.
446
Calculate the remainder when 3925863 is divided by 422.
419
Calculate the remainder when 9435 is divided by 2531.
1842
Calculate the remainder when 7445771 is divided by 71.
1
Calculate the remainder when 70561880 is divided by 1652.
4
Calculate the remainder when 474673 is divided by 1146.
229
What is the remainder when 46611255 is divided by 178?
175
What is the remainder when 992134 is divided by 11274?
22
What is the remainder when 17565693 is divided by 3216?
3117
What is the remainder when 21044310 is divided by 85?
10
What is the remainder when 10189481 is divided by 11?
5
What is the remainder when 382529993 is divided by 79977?
2
What is the remainder when 778421 is divided by 129418?
1913
Calculate the remainder when 5481068 is divided by 610.
218
What is the remainder when 381721 is divided by 29354?
119
Calculate the remainder when 4265841 is divided by 282.
27
Calculate the remainder when 45598718 is divided by 320.
318
Calculate the remainder when 125765 is divided by 40910.
3035
Calculate the remainder when 277751 is divided by 277371.
380
Calculate the remainder when 1599429 is divided by 73.
72
What is the remainder when 3424996 is divided by 125?
121
What is the remainder when 60877262 is divided by 111?
89
What is the remainder when 1464449 is divided by 5015?
69
What is the remainder when 391623 is divided by 25?
23
What is the remainder when 2196043 is divided by 510?
493
What is the remainder when 25013381 is divided by 12?
5
Calculate the remainder when 9989550 is divided by 50.
0
What is the remainder when 446557 is divided by 102?
1
Calculate the remainder when 63475169 is divided by 2.
1
Calculate the remainder when 6691002 is divided by 38.
0
Calculate the remainder when 748855 is divided by 984.
31
What is the remainder when 58830627 is divided by 565679?
11
Calculate the remainder when 70147 is divided by 37.
32
What is the remainder when 295780 is divided by 98070?
1570
What is the remainder when 1519112 is divided by 5524?
12
Calculate the remainder when 1015146 is divided by 426.
414
Calculate the remainder when 3932142 is divided by 135.
132
Calculate the remainder when 2084979 is divided by 1457.
12
What is the remainder when 402902496 is divided by 97?
95
What is the remainder when 11232598 is divided by 386?
384
Calculate the remainder when 141896 is divided by 10837.
1015
Calculate the remainder when 43046 is divided by 707.
626
Calculate the remainder when 10916498 is divided by 500.
498
Calculate the remainder when 615834715 is divided by 8352.
8347
Calculate the remainder when 493170 is divided by 123282.
42
Calculate the remainder when 664819 is divided by 94925.
344
Calculate the remainder when 26865 is divided by 280.
265
Calculate the remainder when 9285308 is divided by 96.
92
What is the remainder when 52631518 is divided by 2388?
2386
What is the remainder when 5121449 is divided by 69?
62
What is the remainder when 2154513 is divided by 1077213?
87
What is the remainder when 3677870 is divided by 1225817?
419
Calculate the remainder when 3366878 is divided by 183.
44
Calculate the remainder when 15053 is divided by 6988.
1077
Calculate the remainder when 7573064 is divided by 37.
15
Calculate the remainder when 66368475 is divided by 4837.
4835
Calculate the remainder when 2431310 is divided by 235.
0
What is the remainder when 499524 is divided by 9328?
5140
What is the remainder when 917476 is divided by 706?
382
Calculate the remainder when 325662 is divided by 20344.
158
What is the remainder when 146037 is divided by 73017?
3
What is the remainder when 462315 is divided by 153950?
465
What is the remainder when 24840781 is divided by 23194?
7
What is the remainder when 106688 is divided by 47?
45
What is the remainder when 187107 is divided by 11240?
7267
Calculate the remainder when 2640843 is divided by 925.
893
Calculate the remainder when 24059639 is divided by 220.
219
Calculate the remainder when 342188 is divided by 348.
104
Calculate the remainder when 1110394 is divided by 14805.
19
What is the remainder when 14712 is divided by 168?
96
What is the remainder when 73488 is divided by 14355